{"id":5212,"date":"2016-05-23T13:08:08","date_gmt":"2016-05-23T10:08:08","guid":{"rendered":"http:\/\/arlcluj.ro\/de\/despre-noi\/career\/"},"modified":"2016-05-24T15:10:19","modified_gmt":"2016-05-24T12:10:19","slug":"karriere","status":"publish","type":"page","link":"https:\/\/arlcluj.ro\/de\/ueber-uns\/karriere\/","title":{"rendered":"Karriere"},"content":{"rendered":"\n<div  class=\"content_row row vc_row wpb_row vc_row-fluid default-style default overlap\" >\n\t\n\t<div class=\"content_row_wrapper  default\" >\n\t<div class=\"vc_col-sm-12 wpb_column vc_column_container global-style\" >\n\t\t<div class=\"wpb_wrapper\">\n\t\t\t<article  class=\"image-content-box content-box box-style-1 left\"><div class=\"featured_image_holder\"><img class=\"img-responsive\" src=\"https:\/\/arlcluj.ro\/wp-content\/uploads\/2016\/05\/cariere-img.jpg\" alt=\"\" \/><\/div><div class=\"text-holder\"> <p>Wir sind ein dynamisches Arbeitskollektiv von Professionelle, mit hohe Kompetenz und Erfahrung in der Baubranche, Teil des Strabag-Konzerns, einer der gr\u00f6\u00dften Europ\u00e4ischen Baufirmen Europas und Marktf\u00fchrer im Mittel- und Osteuropa.<\/p>\n<p>Wir sind st\u00e4ndig auf der Suche nach Personen, die willig sind ihre F\u00e4higkeiten und Talente zu nutzen und zu entwickeln, indem sie an bedeutende lokale und nationale Projekte teilnehmen.<\/p>\n<p>Bist du bereit? Schlie\u00df dich unserem Team an!<br \/>\nF\u00fcr mehrere Details, <a href=\"http:\/\/karriere.strabag.com\/\" target=\"_blank\">hier<\/a>\u00a0klicken.<\/p>\n<\/div><\/article>\n\n\t\t<\/div>\n\t<\/div>\n\n<\/div>\n<\/div>\n\n","protected":false},"excerpt":{"rendered":"Wir sind ein dynamisches Arbeitskollektiv von Professionelle, mit hohe Kompetenz und Erfahrung in der Baubranche, Teil des Strabag-Konzerns, einer der gr\u00f6\u00dften Europ\u00e4ischen Baufirmen Europas und Marktf\u00fchrer im Mittel- und Osteuropa. Wir sind st\u00e4ndig auf der Suche nach Personen, die willig sind ihre F\u00e4higkeiten und Talente zu nutzen und zu entwickeln, indem sie an bedeutende lokale [...]","protected":false},"author":2,"featured_media":0,"parent":4037,"menu_order":0,"comment_status":"closed","ping_status":"closed","template":"","meta":[],"_links":{"self":[{"href":"https:\/\/arlcluj.ro\/de\/wp-json\/wp\/v2\/pages\/5212"}],"collection":[{"href":"https:\/\/arlcluj.ro\/de\/wp-json\/wp\/v2\/pages"}],"about":[{"href":"https:\/\/arlcluj.ro\/de\/wp-json\/wp\/v2\/types\/page"}],"author":[{"embeddable":true,"href":"https:\/\/arlcluj.ro\/de\/wp-json\/wp\/v2\/users\/2"}],"replies":[{"embeddable":true,"href":"https:\/\/arlcluj.ro\/de\/wp-json\/wp\/v2\/comments?post=5212"}],"version-history":[{"count":3,"href":"https:\/\/arlcluj.ro\/de\/wp-json\/wp\/v2\/pages\/5212\/revisions"}],"predecessor-version":[{"id":5216,"href":"https:\/\/arlcluj.ro\/de\/wp-json\/wp\/v2\/pages\/5212\/revisions\/5216"}],"up":[{"embeddable":true,"href":"https:\/\/arlcluj.ro\/de\/wp-json\/wp\/v2\/pages\/4037"}],"wp:attachment":[{"href":"https:\/\/arlcluj.ro\/de\/wp-json\/wp\/v2\/media?parent=5212"}],"curies":[{"name":"wp","href":"https:\/\/api.w.org\/{rel}","templated":true}]}}

<div  class="content_row row vc_row wpb_row vc_row-fluid default-style default overlap" >
	
	<div class="content_row_wrapper  default" >
	<div class="vc_col-sm-12 wpb_column vc_column_container global-style" >
		<div class="wpb_wrapper">
			<article  class="image-content-box content-box box-style-1 left"><div class="featured_image_holder"><img class="img-responsive" src="https://arlcluj.ro/wp-content/uploads/2016/05/cariere-img.jpg" alt="" /></div><div class="text-holder"> <p>Wir sind ein dynamisches Arbeitskollektiv von Professionelle, mit hohe Kompetenz und Erfahrung in der Baubranche, Teil des Strabag-Konzerns, einer der größten Europäischen Baufirmen Europas und Marktführer im Mittel- und Osteuropa.</p>
<p>Wir sind ständig auf der Suche nach Personen, die willig sind ihre Fähigkeiten und Talente zu nutzen und zu entwickeln, indem sie an bedeutende lokale und nationale Projekte teilnehmen.</p>
<p>Bist du bereit? Schließ dich unserem Team an!<br />
Für mehrere Details, <a href="http://karriere.strabag.com/" target="_blank">hier</a> klicken.</p>
</div></article>

		</div>
	</div>

</div>
</div>

Wir sind ein dynamisches Arbeitskollektiv von Professionelle, mit hohe Kompetenz und Erfahrung in der Baubranche, Teil des Strabag-Konzerns, einer der größten Europäischen Baufirmen Europas und Marktführer im Mittel- und Osteuropa. Wir sind ständig auf der Suche nach Personen, die willig sind ihre Fähigkeiten und Talente zu nutzen und zu entwickeln, indem sie an bedeutende lokale [...]
